{"id":3,"date":"2024-04-10T18:02:17","date_gmt":"2024-04-10T18:02:17","guid":{"rendered":"http:\/\/juliasanchezcosmetics.com\/V2\/?page_id=3"},"modified":"2025-07-04T08:16:50","modified_gmt":"2025-07-04T14:16:50","slug":"privacy-policy","status":"publish","type":"page","link":"https:\/\/juliasanchezcosmetics.com\/V2\/privacy-policy\/","title":{"rendered":"Aviso de Privacidad"},"content":{"rendered":"\n<pre class=\"wp-block-preformatted\">AVISO DE PRIVACIDAD<br><br>Julia Sanchez Cosmetics SA de CV, comercialmente conocido como Julia Sanchez, con domicilio en Hernando Martel 143 A Col. La Loma CP. 44410, Guadalajara, Jal. M\u00e9xico, es el responsable del uso y protecci\u00f3n de sus datos personales.<br><br>FINALIDADES PRIMARIAS<br>Los datos personales que recabamos de usted, los utilizaremos para las siguientes finalidades que son necesarias para el servicio que solicita:<br><br>\u2022 Respuesta a mensajes del formulario de contacto<br>\u2022 Env\u00edo de productos adquiridos en esta tienda en l\u00ednea<br><br>DATOS PERSONALES RECABADOS<br>Para las finalidades se\u00f1aladas en el presente aviso de privacidad, podemos recabar sus datos de identificaci\u00f3n y contacto.<br><br>DERECHOS ARCO<br>Usted tiene derecho a conocer qu\u00e9 datos personales tenemos de usted, para qu\u00e9 los utilizamos y las condiciones del uso que les damos (Acceso). Asimismo, es su derecho solicitar la correcci\u00f3n de su informaci\u00f3n personal en caso de que est\u00e9 desactualizada, sea inexacta o incompleta (Rectificaci\u00f3n); que la eliminemos de nuestros registros o bases de datos cuando considere que la misma no est\u00e1 siendo utilizada adecuadamente (Cancelaci\u00f3n); as\u00ed como oponerse al uso de sus datos personales para fines espec\u00edficos (Oposici\u00f3n). Estos derechos se conocen como derechos ARCO.<br><br>Para el ejercicio de cualquiera de los derechos ARCO, usted deber\u00e1 presentar la solicitud respectiva a trav\u00e9s de los medios especificados. La respuesta a su solicitud ser\u00e1 atendida en un plazo m\u00e1ximo de 5 d\u00edas h\u00e1biles.<br><br>DATOS RECABADOS POR EL SITIO WEB<br>Nuestro sitio web recaba autom\u00e1ticamente los siguientes datos:<br><br>\u2022 Identificadores, nombre de usuario y contrase\u00f1as de sesi\u00f3n<br>\u2022 Regi\u00f3n en la que se encuentra el usuario<br><br>CONTACTO<br>Para m\u00e1s informaci\u00f3n sobre este aviso de privacidad, puede contactarnos en:<br><br>Correo electr\u00f3nico: ventas@juliasanchezcosmetics.com<br>Sitio web: https:\/\/juliasanchezcosmetics.com<br><br>\u00daltima actualizaci\u00f3n: 1\/7\/2025<\/pre>\n","protected":false},"excerpt":{"rendered":"<p>AVISO DE PRIVACIDADJulia Sanchez Cosmetics SA de CV, comercialmente conocido como Julia Sanchez, con domicilio en Hernando Martel 143 A Col. La Loma CP. 44410, Guadalajara, Jal. M\u00e9xico, es el responsable del uso y protecci\u00f3n de sus datos personales.FINALIDADES PRIMARIASLos datos personales que recabamos de usted, los utilizaremos para las siguientes finalidades que son necesarias &hellip; <\/p>\n","protected":false},"author":4,"featured_media":0,"parent":0,"menu_order":0,"comment_status":"closed","ping_status":"open","template":"","meta":{"footnotes":""},"class_list":["post-3","page","type-page","status-publish","hentry"],"jetpack_sharing_enabled":true,"_links":{"self":[{"href":"https:\/\/juliasanchezcosmetics.com\/V2\/wp-json\/wp\/v2\/pages\/3","targetHints":{"allow":["GET"]}}],"collection":[{"href":"https:\/\/juliasanchezcosmetics.com\/V2\/wp-json\/wp\/v2\/pages"}],"about":[{"href":"https:\/\/juliasanchezcosmetics.com\/V2\/wp-json\/wp\/v2\/types\/page"}],"author":[{"embeddable":true,"href":"https:\/\/juliasanchezcosmetics.com\/V2\/wp-json\/wp\/v2\/users\/4"}],"replies":[{"embeddable":true,"href":"https:\/\/juliasanchezcosmetics.com\/V2\/wp-json\/wp\/v2\/comments?post=3"}],"version-history":[{"count":3,"href":"https:\/\/juliasanchezcosmetics.com\/V2\/wp-json\/wp\/v2\/pages\/3\/revisions"}],"predecessor-version":[{"id":1153,"href":"https:\/\/juliasanchezcosmetics.com\/V2\/wp-json\/wp\/v2\/pages\/3\/revisions\/1153"}],"wp:attachment":[{"href":"https:\/\/juliasanchezcosmetics.com\/V2\/wp-json\/wp\/v2\/media?parent=3"}],"curies":[{"name":"wp","href":"https:\/\/api.w.org\/{rel}","templated":true}]}}