{"id":11,"date":"2024-04-10T12:27:21","date_gmt":"2024-04-10T18:27:21","guid":{"rendered":"http:\/\/juliasanchezcosmetics.com\/V2\/?page_id=11"},"modified":"2025-10-16T01:03:57","modified_gmt":"2025-10-16T07:03:57","slug":"quienes-somos","status":"publish","type":"page","link":"https:\/\/juliasanchezcosmetics.com\/V2\/","title":{"rendered":"Qui\u00e9nes Somos"},"content":{"rendered":"\n<p><strong>Julia S\u00e1nchez Cosmetics<\/strong> es una <strong>empresa 100% mexicana<\/strong>, con m\u00e1s de <strong>18 a\u00f1os de experiencia<\/strong> en el mercado, dedicada a la creaci\u00f3n de <strong>cosm\u00e9ticos de alta calidad<\/strong>. Cada producto nace de la pasi\u00f3n por la belleza, la innovaci\u00f3n y el compromiso con nuestras clientas. Nuestra misi\u00f3n es resaltar tu belleza natural con f\u00f3rmulas efectivas, seguras y creadas especialmente para ti.<\/p>\n\n\n\n<p>&#x2728; <strong>Confianza, calidad y amor por lo que hacemos.<\/strong><br>\u00danete a miles de mujeres que ya conf\u00edan en nuestra marca.<\/p>\n\n\n\n<hr class=\"wp-block-separator has-alpha-channel-opacity\"\/>\n\n\n\n<h3 class=\"wp-block-heading\">&#x1f4cd; Nuestra Ubicaci\u00f3n<\/h3>\n\n\n\n<p><strong>Direcci\u00f3n:<\/strong><br>Hernando Martel 143 A<br>Col. La Loma, CP 44410<br>Guadalajara, Jalisco, M\u00e9xico<\/p>\n\n\n\n<p>&#x1f4e7; <strong>Correo:<\/strong><br><a>juliasanchezmaquillaje@gmail.com<\/a><\/p>\n\n\n\n<p>&#x1f4f1; <strong>Cont\u00e1ctanos por WhatsApp:<\/strong><br><a>Haz clic aqu\u00ed para enviarnos un mensaje<\/a> \u00f3 agrega nuestro n\u00famero: <strong>+52 33 1584 2040<\/strong><\/p>\n\n\n\n<p><\/p>\n","protected":false},"excerpt":{"rendered":"<p>Julia S\u00e1nchez Cosmetics es una empresa 100% mexicana, con m\u00e1s de 18 a\u00f1os de experiencia en el mercado, dedicada a la creaci\u00f3n de cosm\u00e9ticos de alta calidad. Cada producto nace de la pasi\u00f3n por la belleza, la innovaci\u00f3n y el compromiso con nuestras clientas. Nuestra misi\u00f3n es resaltar tu belleza natural con f\u00f3rmulas efectivas, seguras &hellip; <\/p>\n","protected":false},"author":4,"featured_media":0,"parent":0,"menu_order":0,"comment_status":"closed","ping_status":"closed","template":"","meta":{"footnotes":""},"class_list":["post-11","page","type-page","status-publish","hentry"],"jetpack_sharing_enabled":true,"_links":{"self":[{"href":"https:\/\/juliasanchezcosmetics.com\/V2\/wp-json\/wp\/v2\/pages\/11","targetHints":{"allow":["GET"]}}],"collection":[{"href":"https:\/\/juliasanchezcosmetics.com\/V2\/wp-json\/wp\/v2\/pages"}],"about":[{"href":"https:\/\/juliasanchezcosmetics.com\/V2\/wp-json\/wp\/v2\/types\/page"}],"author":[{"embeddable":true,"href":"https:\/\/juliasanchezcosmetics.com\/V2\/wp-json\/wp\/v2\/users\/4"}],"replies":[{"embeddable":true,"href":"https:\/\/juliasanchezcosmetics.com\/V2\/wp-json\/wp\/v2\/comments?post=11"}],"version-history":[{"count":11,"href":"https:\/\/juliasanchezcosmetics.com\/V2\/wp-json\/wp\/v2\/pages\/11\/revisions"}],"predecessor-version":[{"id":1618,"href":"https:\/\/juliasanchezcosmetics.com\/V2\/wp-json\/wp\/v2\/pages\/11\/revisions\/1618"}],"wp:attachment":[{"href":"https:\/\/juliasanchezcosmetics.com\/V2\/wp-json\/wp\/v2\/media?parent=11"}],"curies":[{"name":"wp","href":"https:\/\/api.w.org\/{rel}","templated":true}]}}